11*i + i**3 - 5*i**2 - 2*i**2 - i**2 + 19*i**2 + 17. Let h(z) = -z**2 + 5*z - 6. Let o be h(6). What is the units digit of c(o)?
5
Let s(d) = 11*d + 7*d**2 + 7*d - 5 - 13*d. What is the tens digit of s(2)?
3
Let v = 11 + -17. Let w = v - 2. Let c = w - -35. What is the tens digit of c?
2
Suppose 0 = -5*f + 704 - 39. Let i = -84 + f. What is the units digit of i?
9
Let w = -549 + 1083. What is the tens digit of w?
3
Let a(g) = -92*g**3 - g**2 - 5*g - 3. What is the tens digit of a(-1)?
9
Let a = -39 - -44. Suppose 2*q - p = 67, -5*q - a*p + 95 = -80. What is the tens digit of q?
3
Let s = 1041 - -229. What is the units digit of s?
0
Suppose -2*c + 8*u = 12*u - 354, -5*c - 4*u = -867. What is the hundreds digit of c?
1
Let q(h) = h + 4. Let u be q(-6). Let z be (-3 - -1)*3/u. What is the units digit of (2/z)/(2/21)?
7
Let f be 6/2*(1 + 95/3). What is the units digit of f - 6/8*4?
5
Let p(k) = k**2 - 8*k + 3. Let a be p(3). Let g be (-66)/a + 6/(-4). Suppose -4*i + 133 = i + 2*f, g*i + 5*f - 103 = 0. What is the tens digit of i?
2
Suppose w - 4*d - 716 = 0, d = -2*w - 2*w + 2779. What is the tens digit of w?
9
Suppose 2*c = 2*x + 86, 0*c + 215 = -5*x - 2*c. Let r = 15 + x. Let t = r + 43. What is the tens digit of t?
1
Let n be (-76)/(-8) - (-2)/(-4). Suppose -31 = -4*p + 89. Suppose -11*i + p = -n*i. What is the units digit of i?
5
Suppose 10*a - 13*a = -264. Suppose 4*c - 7 = -d + a, 3*d - 9 = 0. Suppose -b + c = -6. What is the units digit of b?
9
What is the units digit of (0 - (3 + -2))*(5 - 704)?
9
Let s be 5/(2 + 0 - 1). Suppose -108 = 3*w - s*w. What is the units digit of w?
4
Suppose 45 = 5*l + 5. Let h(r) = r**3 - 9*r**2 + 8*r + 2. Let s be h(l). Suppose s*f = 3*u + 14 + 46, 104 = 4*f + 2*u. What is the tens digit of f?
2
Let w = 37 + -21. Suppose -k + w = 3*k. What is the units digit of 9 + 1 + -1 + k?
3
Let b be -3*(2 - (-3 + 6)) - -1. Suppose c + 2*i - 20 = 0, -b*c + 2*i = -85 + 15. What is the units digit of c?
8
Suppose 3*g - 1661 = -2*b, 2*g = 23*b - 20*b - 2511. What is the units digit of b?
5
Let n(g) = -3*g**2 + 17*g - 38. Let i(j) = 2*j**2 - 8*j + 19. Let r(o) = -5*i(o) - 3*n(o). Let h be -13*1 - 21/(-7). What is the units digit of r(h)?
9
Suppose -31*z = -91493 + 25742. What is the units digit of z?
1
Let n(p) = 2*p**3 - 21*p**2 + 11*p - 10. Let z be n(10). Suppose 3*r - 4*k - 16 = 0, -2*r + 4*k + 0*k + 8 = z. What is the units digit of r?
8
Let z(a) = a**2 + 15*a - 30. Let n be z(-19). Let c = -10 + 14. Suppose 70 = 5*p - 5*x, -c*p + 4*x - 2*x = -n. What is the units digit of p?
9
Let a be 26/(-65) + 44/10. Suppose -a*c = 3*c - 420. What is the tens digit of c?
6
What is the units digit of 2/13 + (-23784)/(-39)?
0
Suppose 4*o + o = 10. Suppose -o*d + d = 0. Suppose 2*t - 4*t + 68 = 5*x, d = 5*x - 5*t - 75. What is the units digit of x?
4
Suppose -4*p + 3*u - 134 = u, -3*p = -3*u + 105. Let v = p - -4. Let l = v + 29. What is the units digit of l?
1
Let d be -3 + (-2255)/(-10)*2. Let o = -259 + d. What is the units digit of o?
9
Suppose -22 + 4 = 2*t. What is the tens digit of t/54 + (-781)/(-6)?
3
Let k(d) = d**2 + 6*d + 7. Let f be k(-5). Suppose -3*u = -3*p - 12, 4*p + f*u = 20 - 6. What is the units digit of p/3 - (-248)/12?
1
Let j be (6 + -5)*187 - 2*1. Let g = j - 27. What is the tens digit of g?
5
Let u(z) = z**2 - 4*z - 3. Let f be u(-1). Suppose -3*l - 9 = 0, -4*b + 149 = -f*l + 7*l. What is the units digit of b?
1
Let t(n) be the first derivative of -n**3/3 - 4*n**2 + 13*n - 10. Let y be t(-9). Suppose -y*g + 55 = g. What is the units digit of g?
1
Let z = 1190 - 40. What is the tens digit of z?
5
Let m be 9/(-18) - (-19)/(-2). What is the units digit of (4/m)/(3 + (-691)/230)?
2
Let u(s) = -s**3 - 12*s**2 + 9*s + 3. Let l = -15 + 2. Let c be u(l). Suppose -5*g + a + 230 = 0, -5*a + 111 = 3*g - c. What is the units digit of g?
7
Let g = -462 - -695. Let v be (g - (3 - 3))/1. What is the units digit of (-5)/(-30) + v/6?
9
Let r = -162 - -352. What is the tens digit of r?
9
Suppose -5*l + 2325 = -x, -4*l + 2*l + 3*x = -930. What is the units digit of l?
5
Let a(s) = -2*s**2 - 14*s - 4. Let h(q) = 160 - q - 160. Let b(m) = -a(m) + 6*h(m). What is the tens digit of b(-6)?
2
What is the units digit of (-1 - 4)*(14316/(-20) + -6)?
9
Let w = 1451 - 860. What is the units digit of w?
1
Let f(x) = x**3 - 15*x**2 + 20*x - 11. Let i(n) = 3*n - 13. Let o be i(9). What is the tens digit of f(o)?
7
Let w be (-7 + 20)/((-2)/22). Let d = w - -389. What is the units digit of d?
6
Let m(g) = g**2 + 4*g + 2. Let i be m(-3). Let t = 3 + i. Suppose 3*a - 2 = t*a. What is the units digit of a?
2
Suppose 4*g + 2*k = 226, 3*g = -4*k + 198 - 16. Suppose -5*u + 4*u = -5*m - g, -2*u + 136 = 4*m. What is the tens digit of u?
6
Suppose g + 4*s - 27 = 0, 2*g + 4*s - s - 29 = 0. Suppose -2*h - g = p, -4*h = p + 9 + 2. What is the tens digit of 46/p*(-27)/18?
2
What is the units digit of (-1644)/90*-3*5?
4
Let p be (-1*3)/(2 + -3). Let d = 3 - p. Suppose -c + 21 = -d*c. What is the tens digit of c?
2
Suppose 2*u + 0*u = 3*b - 39, 0 = 5*b - 5*u - 70. What is the tens digit of b - ((-6)/21 + (-2)/(-7))?
1
Let l = -593 - -1275. What is the hundreds digit of l?
6
Suppose -m + 20 = 3*z - 0*z, 0 = -3*z + 4*m + 10. Suppose 3*r + 255 = z*r. What is the tens digit of r?
8
Let t(q) = 69*q**2 + 7. What is the hundreds digit of t(2)?
2
Let s(f) = 10*f - 18. Let p be s(2). Suppose p*i - 341 = -5. What is the tens digit of i?
6
Suppose -5*t - 3*p = -994, -2*t + 5*p + 137 = -273. What is the tens digit of t?
0
Let x = -81 + 44. Let q = 23 + x. Let k(s) = s**2 + 13*s - 1. What is the units digit of k(q)?
3
Let g be 84/(-22) + 4 + 4624/(-22). Let b = 295 + g. What is the tens digit of b?
8
Let b(h) = h**2 - 7*h - 3. Let x be b(7). What is the units digit of (22/x)/(8/(-60))?
5
Suppose 0 = 2*a - 4*m, 0 = 2*a - 0*a + m. Suppose a*x - 2*x + 8 = 0, -3*t = -5*x + 20. What is the tens digit of t + -33*(-4)/3?
4
Let c(i) = -i**2 + 7*i + 8. Suppose -7*y + 6*y = -10. Let t be 126/(-35)*y/(-6). What is the tens digit of c(t)?
1
Suppose 6*o = 27 + 3. Suppose o*b - 2*b - 594 = 0. What is the tens digit of b?
9
Let f(k) = 4*k**2 + 2*k - 29. Suppose -28 = 4*t - 21*g + 17*g, 0 = -2*g - 2. What is the hundreds digit of f(t)?
2
Let q(h) be the second derivative of 0*h**2 + 0 - 7/6*h**3 - h - 1/12*h**4. What is the units digit of q(-5)?
0
Let o = -2 - -2. Suppose -4*a - 4*k + 80 = 0, 3*k - 5*k = -5*a + 135. Let m = o + a. What is the units digit of m?
5
Let h be -1 + -1 - -2 - 29. Let s = -19 - h. What is the units digit of (5 - -1) + -10 + s?
6
Suppose 12*t = 11*t + 3. Suppose 6*i - 186 = i - 4*l, 3*i = -t*l + 111. What is the units digit of i?
8
Let o = 1 + -5. Let w be o/10 - (-13623)/95. Let z = w - 87. What is the units digit of z?
6
Let i(x) = x**3 + 13*x**2 - 12*x - 30. Suppose 211*b = 216*b + 60. What is the units digit of i(b)?
8
Let m(o) be the third derivative of -o**6/120 - o**5/15 - 7*o**4/24 - o**3/2 - 15*o**2 + 1. What is the units digit of m(-5)?
7
Let d(f) = -4*f**3 - 13*f**2 + 2*f + 6. What is the tens digit of d(-6)?
9
Suppose 20 = 4*a, -5*k = -9*k + 2*a + 3438. What is the tens digit of k?
6
Suppose -7*l = -9*l + 4. What is the tens digit of 182 - (l + (-7 - -3))?
8
Let s be -4 + 7 + 2 + -2. Suppose -6*c = -c - 100. Suppose -c = g - s*g - 4*i, 0 = 4*g + 3*i - 35. What is the units digit of g?
8
Let k(a) = -294*a - 16. What is the thousands digit of k(-7)?
2
Let z(h) = h**3 - 6*h**2 - 6*h. Let p be z(9). Suppose -p = 14*o - 1897. What is the units digit of o?
2
Suppose -4*i + 4*k = -7*i + 3269, -i + 5*k = -1115. What is the hundreds digit of i?
0
Suppose 0*a - 8 = -2*a. Suppose -4*g = 12, a*v - 5*g + g = 0. Let s = v + 20. What is the tens digit of s?
1
Let x = -2382 - -5669. What is the thousands digit of x?
3
Let s be -1 - -1*(-3 - -6). Let m(o) = 24*o**2 + o + 2. Let h be m(s). Suppose -h = -8*c + 3*c. What is the tens digit of c?
2
Suppose -4*i + 4 + 4 = 0. Let m(a) = 5 + 5*a - 2 + i*a**2 + 4*a**3 - 7*a + a. What is the units digit of m(2)?
1
Let i(k) = k**3 + 10*k**2 + 15*k - 10. Let l be (14/2)/(-1 - (3 + -3)). What is the tens digit of i(l)?
3
Let z(w) = w + 18. Let v be z(0). Let r be ((-81)/v)/((-2)/28). Suppose 4*k = 2*o + r + 65, 4*o = 8. What is